r when 50163 is divided by 3.
0
Calculate the remainder when 809071 is divided by 573.
568
Calculate the remainder when 9114 is divided by 32.
26
Calculate the remainder when 122079 is divided by 61034.
11
What is the remainder when 77813 is divided by 25934?
11
Calculate the remainder when 233010 is divided by 73.
67
What is the remainder when 104145 is divided by 17357?
3
What is the remainder when 11005 is divided by 23?
11
Calculate the remainder when 1083 is divided by 411.
261
Calculate the remainder when 380139 is divided by 7.
4
Calculate the remainder when 241 is divided by 24.
1
Calculate the remainder when 13365 is divided by 3322.
77
Calculate the remainder when 1667 is divided by 4.
3
What is the remainder when 142113 is divided by 45?
3
What is the remainder when 4216 is divided by 1305?
301
Calculate the remainder when 12451 is divided by 461.
4
Calculate the remainder when 671 is divided by 511.
160
What is the remainder when 6165563 is divided by 267?
266
What is the remainder when 61264 is divided by 61254?
10
What is the remainder when 1055 is divided by 197?
70
What is the remainder when 63518 is divided by 2645?
38
Calculate the remainder when 2459623 is divided by 43.
23
What is the remainder when 13122 is divided by 469?
459
Calculate the remainder when 1338 is divided by 33.
18
What is the remainder when 145 is divided by 42?
19
Calculate the remainder when 37472 is divided by 107.
22
Calculate the remainder when 138918 is divided by 356.
78
What is the remainder when 60137 is divided by 6?
5
What is the remainder when 1196 is divided by 53?
30
Calculate the remainder when 33014 is divided by 3657.
101
What is the remainder when 34980 is divided by 332?
120
What is the remainder when 25399 is divided by 160?
119
Calculate the remainder when 5324 is divided by 2654.
16
Calculate the remainder when 9441 is divided by 2901.
738
What is the remainder when 9359 is divided by 208?
207
What is the remainder when 137679 is divided by 24?
15
Calculate the remainder when 8623 is divided by 135.
118
What is the remainder when 2443913 is divided by 610977?
5
Calculate the remainder when 41635 is divided by 10.
5
Calculate the remainder when 7528 is divided by 235.
8
Calculate the remainder when 16564 is divided by 720.
4
What is the remainder when 32331 is divided by 34?
31
Calculate the remainder when 11231 is divided by 50.
31
Calculate the remainder when 59409 is divided by 457.
456
What is the remainder when 530351 is divided by 942?
5
Calculate the remainder when 13645 is divided by 75.
70
Calculate the remainder when 24277 is divided by 199.
198
What is the remainder when 609 is divided by 289?
31
Calculate the remainder when 10846 is divided by 184.
174
What is the remainder when 4241 is divided by 249?
8
What is the remainder when 122031 is divided by 20?
11
What is the remainder when 5609 is divided by 122?
119
What is the remainder when 69864 is divided by 17456?
40
Calculate the remainder when 13392 is divided by 558.
0
What is the remainder when 80315 is divided by 320?
315
What is the remainder when 18289 is divided by 99?
73
What is the remainder when 15568 is divided by 105?
28
What is the remainder when 124898 is divided by 54?
50
Calculate the remainder when 49226 is divided by 8204.
2
What is the remainder when 232051 is divided by 38?
23
What is the remainder when 71499 is divided by 17874?
3
Calculate the remainder when 12610 is divided by 229.
15
What is the remainder when 5068 is divided by 101?
18
Calculate the remainder when 5219 is divided by 746.
743
What is the remainder when 1180931 is divided by 98410?
11
What is the remainder when 57615 is divided by 19185?
60
Calculate the remainder when 133935 is divided by 63.
60
What is the remainder when 34549 is divided by 15?
4
Calculate the remainder when 10631 is divided by 1236.
743
What is the remainder when 57986 is divided by 122?
36
Calculate the remainder when 26339 is divided by 61.
48
What is the remainder when 8917 is divided by 448?
405
What is the remainder when 29315 is divided by 29305?
10
What is the remainder when 3242803 is divided by 101?
97
What is the remainder when 55911 is divided by 1803?
18
Calculate the remainder when 2080 is divided by 1403.
677
What is the remainder when 790 is divided by 736?
54
What is the remainder when 15906 is divided by 15895?
11
Calculate the remainder when 87318 is divided by 43655.
8
What is the remainder when 603611 is divided by 414?
413
What is the remainder when 6304 is divided by 78?
64
Calculate the remainder when 75232 is divided by 37592.
48
Calculate the remainder when 13680 is divided by 3416.
16
What is the remainder when 1600 is divided by 269?
255
Calculate the remainder when 467278 is divided by 45.
43
Calculate the remainder when 1062676 is divided by 40.
36
What is the remainder when 2610 is divided by 446?
380
What is the remainder when 7511715 is divided by 718?
717
What is the remainder when 51238 is divided by 183?
181
What is the remainder when 6869 is divided by 683?
39
Calculate the remainder when 23766 is divided by 5828.
454
What is the remainder when 7401 is divided by 529?
524
Calculate the remainder when 40476 is divided by 1498.
30
What is the remainder when 12165 is divided by 12139?
26
Calculate the remainder when 51517 is divided by 2452.
25
What is the remainder when 107017 is divided by 207?
205
Calculate the remainder when 158638 is divided by 79298.
42
What is the remainder when 20084 is divided by 124?
120
What is the remainder when 1987 is divided by 254?
209
Calculate the remainder when 2123 is divided by 35.
23
What is the remainder when 1131 is divided by 293?
252
Calculate the remainder when 1011255 is divided by 3.
0
Calculate the remainder when 9717 is divided by 3237.
6
Calculate the remainder when 5234 is divided by 108.
50
Calculate the remainder when 1863 is divided by 462.
15
What is the remainder when 38383 is divided by 356?
291
Calculate the remainder when 3711 is divided by 130.
71
Calculate the remainder when 10737 is divided by 314.
61
Calculate the remainder when 122445 is divided by 13604.
9
Calculate the remainder when 198 is divided by 33.
0
Calculate the remainder when 5767 is divided by 25.
17
What is the remainder when 546836 is divided by 323?
320
Calculate the remainder when 35892 is divided by 3936.
468
What is the remainder when 831447 is divided by 21880?
7
What is the remainder when 564658 is divided by 15?
13
Calculate the remainder when 108680 is divided by 36194.
98
Calculate the remainder when 28649 is divided by 247.
244
Calculate the remainder when 111961 is divided by 55973.
15
Calculate the remainder when 12089 is divided by 12087.
2
What is the remainder when 95296 is divided by 47642?
12
Calculate the remainder when 132875 is divided by 18.
17
Calculate the remainder when 18152 is divided by 673.
654
What is the remainder when 3317 is divided by 7?
6
What is the remainder when 1842748 is divided by 175?
173
What is the remainder when 2009 is divided by 147?
98
Calculate the remainder when 269026 is divided by 294.
16
Calculate the remainder when 1182 is divided by 26.
12
Calculate the remainder when 21834 is divided by 4365.
9
What is the remainder when 147147 is divided by 778?
105
Calculate the remainder when 77364 is divided by 25786.
6
What is the remainder when 2703 is divided by 5?
3
Calculate the remainder when 28185 is divided by 30.
15
What is the remainder when 4487 is divided by 42?
35
Calculate the remainder when 6739 is divided by 6689.
50
Calculate the remainder when 323377 is divided by 230.
227
What is the remainder when 7716 is divided by 234?
228
What is the remainder when 45216 is divided by 104?
80
What is the remainder when 239660 is divided by 19968?
44
What is the remainder when 1176 is divided by 33?
21
What is the remainder when 288895 is divided by 10?
5
What is the remainder when 168918 is divided by 4?
2
What is the remainder when 28804 is divided by 588?
580
What is the remainder when 46492 is divided by 21?
19
What is the remainder when 20413 is divided by 733?
622
Calculate the remainder when 501996 is divided by 82.
74
Calculate the remainder when 115077 is divided by 168.
165
Calculate the remai